 be 3 + (4 - (-4 - -7)). Suppose 3*a - n*a + 74 = 0. What is the remainder when a is divided by 43?
31
Let l(n) = 6*n + 50. Let a be ((-18)/12)/(1/(-132)). Calculate the remainder when l(-5) is divided by (-4)/6*a/(-12).
9
Let l(a) be the third derivative of -25*a**4/24 + a**3/2 - 25*a**2. Let h be l(1). Calculate the remainder when 40 is divided by (-502)/h + (-4)/(-22).
17
Let n = -1915 + 1940. What is the remainder when 489 is divided by n?
14
Let x = -3672 + 3832. Calculate the remainder when 305 is divided by x.
145
Let v(t) = -21*t**3 + 6*t**2 + 5*t - 6. Let k(p) = p**3 - p**2 - p + 2. Let z(a) = 3*k(a) + v(a). Calculate the remainder when 701 is divided by z(-1).
17
Let b = 3204 - 3052. Calculate the remainder when 481 is divided by b.
25
Let q be ((-1232)/30)/(-7) + (-4)/(-30). Calculate the remainder when (-299 + 3 + -1)*(-2)/q is divided by 20.
19
Suppose 2*g - 3*i - 16 = 0, -3*g = 3*i - 1 - 8. Let z(u) = 8*u - g*u + 0*u + 0*u. Calculate the remainder when 6 is divided by z(2).
0
Let z = -35494 + 35739. Suppose -32 = 5*p - 187. What is the remainder when z is divided by p?
28
Let q(n) = n**3 - 7*n**2 + 29*n - 79. Calculate the remainder when 437 is divided by q(5).
5
Let d be -2*((-63)/5)/((-8)/(-60)). Suppose n = h - 28 + 92, 2*h + d = 3*n. What is the remainder when n is divided by 24?
13
Let t be 4490/(-14) - (-70)/(-245). Let x = 450 + t. Calculate the remainder when x is divided by 33.
30
Suppose -246*g + 1493 = 482 - 1695. What is the remainder when 579 is divided by g?
7
Let m(u) = -2*u**2 + 41*u - 18. Let d be m(20). Let a(p) = -4*p**2 - 4 + 13*p**2 + 2*p + 3. Calculate the remainder when a(d) is divided by 21.
18
Let m(r) = 5*r + 16. Let v be m(5). Suppose -2*g + 73 = v. Let a = 23 - g. Calculate the remainder when 13 is divided by a.
6
What is the remainder when (4/5)/((-50)/(-11625)) is divided by 22?
10
What is the remainder when 48 is divided by 8690/330 + 1/(-3)?
22
Suppose -75*g + 59*g + 848 = 0. Calculate the remainder when 90 is divided by g.
37
Suppose 3*u - 12 - 18 = 0. Let v(g) = -2*g**2 + 24*g - 23. Let f be v(u). Suppose f*c - 52 = 13*c. What is the remainder when 87 is divided by c?
9
Suppose 26 = -k + 32. Suppose 0 = k*u - 3*u + 3. Let j(o) = 32*o**2 + o + 3. Calculate the remainder when j(u) is divided by 10.
4
Let l(c) = 17*c**3 - 65*c**2 + 4*c + 6. Suppose -2*y = -0*b - 3*b + 44, 4*b - 2*y - 62 = 0. What is the remainder when l(4) is divided by b?
16
Let j(i) = 13*i**2 - 40*i - 3398. What is the remainder when j(-37) is divided by 40?
39
Suppose 5*c - 7*c + 120 = 0. Suppose 18 + 174 = 21*j - 81. Calculate the remainder when c is divided by j.
8
What is the remainder when 3049 + (312/13 - 8) is divided by 99?
95
Suppose 185*f + 17982 = 239*f. What is the remainder when f is divided by 16?
13
Let q(c) = -c**3 - 60*c**2 + 138*c + 874. What is the remainder when 6/15 + (-1526)/(-10) is divided by q(-62)?
3
Let p be 4/(-14)*(1 - (21 + 1)). Suppose -13 = -2*u - 9. What is the remainder when 15 is divided by 1/(u/p) - -8?
4
Let y = -3618 + 3805. Calculate the remainder when y is divided by 6.
1
Suppose 32 = -d + 9*d. Suppose t - d*b - 146 = 117, 2*t = -3*b + 482. What is the remainder when t is divided by 25?
22
Let b = 2 - 2. Let c(r) = -624*r + 5627. Calculate the remainder when b*(-1)/(-3) - -109 is divided by c(9).
10
Suppose 10 = 6*h - 32. Suppose 19 = h*a - 37. What is the remainder when a is divided by 4?
0
Let a = -5967 - -6016. What is the remainder when a is divided by 13?
10
Let s(z) = 71*z - 902. What is the remainder when s(15) is divided by 10?
3
Suppose -3*x - 15 = -6. Calculate the remainder when 48/2 - (x - -2) is divided by (162 - 157) + (-4)/(-2).
4
Let j = 31 + -19. Suppose 0 = 5*y + 3*g + j, 4*g = -3*y - y - 8. Calculate the remainder when (y - 3)/(3 - 5) is divided by 1.
0
Suppose -3955 + 32116 = 63*t. What is the remainder when t is divided by 14?
13
Let r(v) = -v**3 - 6*v**2 + 147*v - 26. Calculate the remainder when 374 is divided by r(-16).
10
Let v(c) = -c**3 - 3*c**2 - c - 1. Suppose -3*t - 582 = -4*o, 167*o - 592 = 163*o + 2*t. Calculate the remainder when o is divided by v(-4).
1
Let j = 439 - 501. Let m = 73 + j. What is the remainder when 206 is divided by m?
8
Suppose 320 = 3*f - 133. Let a(t) = t**3 - 40*t**2 + 317*t + 90. Calculate the remainder when f is divided by a(29).
23
Let g = -7848 + 7881. What is the remainder when 2307 is divided by g?
30
Let f = 343 - 341. Let a(i) = 4*i**2 + 6*i - 1. What is the remainder when 50 is divided by a(f)?
23
What is the remainder when 10508 is divided by (75/10)/((-23)/(-276))*(-4)/(-10)?
32
Let w(j) = -2*j**3 - 12*j**2 + j + 9. What is the remainder when 132 is divided by w(-7)?
32
Let k(s) = -8*s + 3*s - 51 - s + 3*s. Let m be k(-21). Let c(i) = 6*i - 63. What is the remainder when 32 is divided by c(m)?
5
Let p(o) = 4*o**2 - 23*o + 17. Let d be p(5). Suppose 2*g + 168 = d*t, 8*g - 375 = -5*t + 4*g. What is the remainder when t is divided by 10?
9
Let s(k) = 6*k - 1. Let z(j) = 34*j - 38. Let b be z(8). Suppose -7*v + 304 = b. Calculate the remainder when s(5) is divided by v.
9
Let k = 392 + -154. Let w = -211 + k. What is the remainder when 32 is divided by w?
5
Let w be 3 + (-15)/((-60)/8). Suppose w*g = 25*g - 460. What is the remainder when 180 is divided by g?
19
Let i be (-3)/(-6) + (-1675)/(-10). Let o = i - -66. Suppose -4*d + o = -2*d. What is the remainder when d is divided by 20?
17
Let u = 258 + -220. Suppose 0*s = s - 81. Calculate the remainder when s is divided by u.
5
Let g = 5 - 2. Suppose 170 = 4*j + 5*r + 33, -2*j + 67 = g*r. What is the remainder when j is divided by 1?
0
Suppose 5*f - 128 - 70 = -133. Calculate the remainder when 597 is divided by f.
12
Let m(b) be the second derivative of -7*b**3/6 + 53*b**2 + 21*b. Calculate the remainder when 63 is divided by m(9).
20
Suppose -4*t - 5*o + 264 = 0, 94*t - 99*t - 5*o + 325 = 0. Calculate the remainder when 745 is divided by t.
13
Let d(q) = -q**3 - 11*q**2 - 37*q - 92. What is the remainder when 316 is divided by d(-8)?
4
Let g(h) = 54*h + 7. Let m be g(-1). Let b be ((-15)/(-10))/((-1)/(m - -1)). Let v = 82 - b. Calculate the remainder when v is divided by 7.
6
Let m(p) = 20*p - 359. Let l(b) = -10*b + 181. Let r(q) = 9*l(q) + 4*m(q). What is the remainder when r(16) is divided by 12?
9
Let i be (969/34)/(1/(-6)). Let c = -39 - i. What is the remainder when c is divided by 20?
12
Let m be 1/(6/543*(-4)/8). Let q = -60 - m. Calculate the remainder when q is divided by 32.
25
Let f = 50 + -42. Suppose -x + f + 7 = 4*n, -3*n = 2*x - 15. Calculate the remainder when ((-6)/8)/(x/(-72)) is divided by 12.
6
Let l(q) = q**3 - 15*q**2 + 20*q - 49. Let k be l(14). Let j(z) = -z**2 + 17*z - 2. What is the remainder when j(10) is divided by ((-46)/10)/(1*(-7)/k)?
22
Let s(t) = 5*t**2 + 78*t - 10. Let g be s(-18). Suppose -27*w = -g - 1819. Calculate the remainder when w is divided by 20.
15
Let o(d) = 3*d**2 + 88*d + 572. What is the remainder when o(-28) is divided by 103?
48
Suppose -705 + 649 = -2*s + 4*g, 3*s - 84 = -2*g. Calculate the remainder when 426 is divided by s.
6
Let u = 863 + -451. Let z(x) = 2031*x - 56799. What is the remainder when u is divided by z(28)?
67
Suppose -9*j - 4*a + 325 = 0, 0 = -4*j + 6*a - 5*a + 125. Calculate the remainder when 4451 is divided by j.
29
Suppose 5*h + 4*n + 1 = 0, -2*h - 4*n - 7 = h. Suppose 0 = -g - h*w + 97, 0*g + 3*g - 303 = 3*w. What is the remainder when g is divided by 17?
15
Let l be ((-24)/20)/(-1)*(-60)/(-9). Suppose 0 = 5*h + 4*a - 244, 2*a - 192 - l = -4*h. Calculate the remainder when 27 is divided by (h/(-39))/((-1)/15).
7
Suppose 78*p - 14749 = 75*p - 5*y, 19642 = 4*p - 5*y. What is the remainder when p is divided by 39?
38
Let q(k) = -2*k**3 + k**2 + 4*k + 3. Suppose c + 0*h = h + 8, 0 = 2*c + 5*h - 23. Calculate the remainder when ((-3)/c)/((12/(-3))/480) is divided by q(-2).
10
Suppose 70*u - 61*u + 180 = 0. What is the remainder when (99/2)/((-10)/u) is divided by 5?
4
Suppose 8*v = 7*v - 3*c + 1, 0 = 3*c + 9. Suppose v*y - 14*y + 104 = 0. Calculate the remainder when 39 is divided by y.
13
Let g(n) = 5*n**3 - 2*n**2 + 8*n + 8. Let d(u) = 17*u**3 - 5*u**2 + 23*u + 23. Let v(s) = 2*d(s) - 7*g(s). What is the